{"id":807,"date":"2020-05-30T16:54:02","date_gmt":"2020-05-30T14:54:02","guid":{"rendered":"http:\/\/aucoeurducouple.fr\/?page_id=807"},"modified":"2020-05-30T17:40:48","modified_gmt":"2020-05-30T15:40:48","slug":"politique-de-confidentialite-2","status":"publish","type":"page","link":"https:\/\/aucoeurducouple.fr\/index.php\/politique-de-confidentialite-2\/","title":{"rendered":"politique-de-confidentialite"},"content":{"rendered":"<div  data-label=\"Content\" data-id=\"content--1\" data-export-id=\"content-12\" data-category=\"content\" class=\"content-12 content-section content-section-spacing\" id=\"content-1\" style=\"background-color: rgb(255, 255, 255);\"><div  class=\"gridContainer\"> <div  class=\"row text-center\"><div  class=\"section-title-col\" data-type=\"column\"> <h2  class=\"\" style=\"text-align: left;\"><span  style=\"font-weight: 600; font-family: Lobster, arial, helvetica, sans-serif;\">Introduction<\/span><\/h2><p  class=\"\" style=\"text-align: justify;\">Dans le cadre de son activit\u00e9, <span  style=\"font-weight: 700;\">aucoeurducouple.fr<\/span>, dont le si\u00e8ge social est situ\u00e9 au 12 rue Ferdinand Buisson<br >\n45000 Orl\u00e9ans, est amen\u00e9e \u00e0 collecter et \u00e0 traiter des informations dont certaines sont qualifi\u00e9es de \u00ab&nbsp;donn\u00e9es personnelles&nbsp;\u00bb. aucoeurducouple.fr n\u2019utilise que des donn\u00e9es de mani\u00e8re responsable et confidentielle et dans une finalit\u00e9 pr\u00e9cise.<\/p> <h2  class=\"\" style=\"text-align: left;\"><span  style=\"font-weight: 600; font-family: Lobster, arial, helvetica, sans-serif;\">Donn\u00e9es personnelles<\/span><\/h2><p  class=\"\" style=\"text-align: justify;\">Sur le site web aucoerducouple.fr, il y a 2 types de donn\u00e9es susceptibles d\u2019\u00eatre recueillies :<br >\n    <span  style=\"font-weight: 700;\">Les donn\u00e9es transmises directement<\/span><br >\n    Ces donn\u00e9es sont celles que vous nous transmettez directement, via un formulaire de contact ou bien par contact direct par email. Sont obligatoires dans le formulaire de contact le champs \u00ab pr\u00e9nom et nom \u00bb, \u00ab entreprise ou organisation \u00bb et \u00ab email \u00bb.<br >\n    <span  style=\"font-weight: 700;\">Les donn\u00e9es collect\u00e9es automatiquement<\/span><br >\n    Lors de vos visites, une fois votre consentement donn\u00e9, nous pouvons recueillir des informations de type \u00ab web analytics \u00bb relatives \u00e0 votre navigation, la dur\u00e9e de votre consultation, votre adresse IP, votre type et version de navigateur. La technologie utilis\u00e9e est le cookie.<\/p><h2  class=\"\" style=\"text-align: left;\"><span  style=\"font-family: Lobster, arial, helvetica, sans-serif;\">Utilisation des donn\u00e9es<\/span><\/h2><p  class=\"\" style=\"text-align: justify;\">Les donn\u00e9es que vous nous transmettez directement sont utilis\u00e9es dans le but de vous re-contacter et\/ou dans le cadre de la demande que vous nous faites. Les donn\u00e9es \u00ab web analytics \u00bb sont collect\u00e9es de forme anonyme (en enregistrant des adresses IP anonymes) par Google Analytics, et nous permettent de mesurer l\u2019audience de notre site web, les consultations et les \u00e9ventuelles erreurs afin d\u2019am\u00e9liorer constamment l\u2019exp\u00e9rience des utilisateurs. Ces donn\u00e9es sont utilis\u00e9es par aucoeurducouple.fr, responsable du traitement des donn\u00e9es, et ne seront jamais c\u00e9d\u00e9es \u00e0 un tiers ni utilis\u00e9es \u00e0 d\u2019autres fins que celles d\u00e9taill\u00e9es ci-dessus.<\/p><h2  class=\"\" style=\"text-align: left;\"><span  style=\"font-family: Lobster, arial, helvetica, sans-serif;\">Base l\u00e9gale<\/span><\/h2><p  class=\"\" style=\"text-align: justify;\">Les donn\u00e9es personnelles ne sont collect\u00e9es qu\u2019apr\u00e8s consentement obligatoire de l\u2019utilisateur. Ce consentement est valablement recueilli (boutons et cases \u00e0 cocher), libre, clair et sans \u00e9quivoque.<\/p><h2  class=\"\" style=\"text-align: left;\"><span  style=\"font-family: Lobster, arial, helvetica, sans-serif;\">Dur\u00e9e de conservation<\/span><span  id=\"_mce_caret\" data-mce-bogus=\"1\" data-mce-type=\"format-caret\"><span  style=\"font-family: Lobster, arial, helvetica, sans-serif;\">\ufeff<\/span><\/span><\/h2><p  class=\"\" style=\"text-align: justify;\">Les donn\u00e9es seront sauvegard\u00e9es durant une dur\u00e9e maximale de 6 ans.<\/p><h2  class=\"\" style=\"text-align: left;\"><span  style=\"font-family: Lobster, arial, helvetica, sans-serif;\">Cookies<\/span><\/h2><p  class=\"\" style=\"text-align: justify;\">Voici la liste des cookies utilis\u00e9es et leur objectif :<br >\n    Le cookies de Google Analytics : Web analytics<br >\n    Le cookie qui permet de garder en m\u00e9moire le fait que vous acceptez les cookies afin de ne plus vous importuner lors de votre prochaine visite.<\/p><h2  class=\"\" style=\"text-align: left;\"><span  style=\"font-family: Lobster, arial, helvetica, sans-serif;\">M\u00e9dias<\/span><\/h2><p  class=\"\" style=\"text-align: justify;\">Si vous \u00eates un utilisateur ou une utilisatrice enregistr\u00e9\u00b7e et que vous t\u00e9l\u00e9versez des images sur le site web, nous vous conseillons d\u2019\u00e9viter de t\u00e9l\u00e9verser des images contenant des donn\u00e9es EXIF de coordonn\u00e9es GPS. Les visiteurs de votre site web peuvent t\u00e9l\u00e9charger et extraire des donn\u00e9es de localisation depuis ces images.<\/p><h2  class=\"\" style=\"text-align: left;\"><span  style=\"font-family: Lobster, arial, helvetica, sans-serif;\">Contenu embarqu\u00e9 depuis d\u2019autres sites<\/span><\/h2>\n<p  style=\"text-align: justify;\" class=\"\">Les pages de ce site peuvent inclure des contenus int\u00e9gr\u00e9s (par exemple des vid\u00e9os, images, articles\u2026). Le contenu int\u00e9gr\u00e9 depuis d\u2019autres sites se comporte de la m\u00eame mani\u00e8re que si le visiteur se rendait sur cet autre site.\n<br >Ces sites web pourraient collecter des donn\u00e9es sur vous, utiliser des cookies, embarquer des outils de suivis tiers, suivre vos interactions avec ces contenus embarqu\u00e9s si vous disposez d\u2019un compte connect\u00e9 sur leur site web.<\/p>\n\n<h2  class=\"\" style=\"text-align: left;\"><span  style=\"font-family: Lobster, arial, helvetica, sans-serif;\">Vos droits concernant les donn\u00e9es personnelles<\/span><\/h2><p  class=\"\" style=\"text-align: justify;\">Vous avez le droit de consultation, demande de modification ou d\u2019effacement sur l\u2019ensemble de vos donn\u00e9es personnelles. Vous pouvez \u00e9galement retirer votre consentement au traitement de vos donn\u00e9es.<\/p><h2  class=\"\" style=\"text-align: left;\"><span  style=\"font-family: Lobster, arial, helvetica, sans-serif;\">Contact d\u00e9l\u00e9gu\u00e9 \u00e0 la protection des donn\u00e9es<\/span><\/h2><p  class=\"\" style=\"text-align: justify;\">Cassine TEHEUX : <a href=\"mailto:cassineteheux@yahoo.fr\" target=\"_self\" data-mce-href=\"mailto:cassineteheux@yahoo.fr\" data-cp-link=\"1\" rel=\"noopener noreferrer\">contact par email<\/a><\/p><\/div> <\/div> <div  class=\"row center-xs middle-xs\"> <div  class=\"col-sm-9\" data-type=\"column\"> <img decoding=\"async\"  class=\"shadow-large\" src=\"http:\/\/aucoeurducouple.fr\/wp-content\/uploads\/2020\/02\/logo-clair-1.png\" alt=\"\" title=\"logo-clair\"><\/div> <\/div><\/div> <\/div>","protected":false},"excerpt":{"rendered":"<p>IntroductionDans le cadre de son activit\u00e9, aucoeurducouple.fr, dont le si\u00e8ge social est situ\u00e9 au 12 rue Ferdinand Buisson 45000 Orl\u00e9ans, est amen\u00e9e \u00e0 collecter et \u00e0 traiter des informations dont certaines sont qualifi\u00e9es de \u00ab&nbsp;donn\u00e9es personnelles&nbsp;\u00bb. aucoeurducouple.fr n\u2019utilise que des donn\u00e9es de mani\u00e8re responsable et confidentielle et dans une finalit\u00e9 pr\u00e9cise. Donn\u00e9es personnellesSur le site&hellip; <br \/> <a class=\"read-more\" href=\"https:\/\/aucoeurducouple.fr\/index.php\/politique-de-confidentialite-2\/\">Lire la suite<\/a><\/p>\n","protected":false},"author":1,"featured_media":0,"parent":0,"menu_order":0,"comment_status":"closed","ping_status":"closed","template":"pro\/page-templates\/full-width-page.php","meta":{"footnotes":""},"class_list":["post-807","page","type-page","status-publish","hentry"],"yoast_head":"<!-- This site is optimized with the Yoast SEO plugin v27.1.1 - https:\/\/yoast.com\/product\/yoast-seo-wordpress\/ -->\n<title>politique-de-confidentialite - Au Coeur du Couple<\/title>\n<meta name=\"robots\" content=\"index, follow, max-snippet:-1, max-image-preview:large, max-video-preview:-1\" \/>\n<link rel=\"canonical\" href=\"https:\/\/aucoeurducouple.fr\/index.php\/politique-de-confidentialite-2\/\" \/>\n<meta property=\"og:locale\" content=\"fr_FR\" \/>\n<meta property=\"og:type\" content=\"article\" \/>\n<meta property=\"og:title\" content=\"politique-de-confidentialite - Au Coeur du Couple\" \/>\n<meta property=\"og:description\" content=\"IntroductionDans le cadre de son activit\u00e9, aucoeurducouple.fr, dont le si\u00e8ge social est situ\u00e9 au 12 rue Ferdinand Buisson 45000 Orl\u00e9ans, est amen\u00e9e \u00e0 collecter et \u00e0 traiter des informations dont certaines sont qualifi\u00e9es de \u00ab&nbsp;donn\u00e9es personnelles&nbsp;\u00bb. aucoeurducouple.fr n\u2019utilise que des donn\u00e9es de mani\u00e8re responsable et confidentielle et dans une finalit\u00e9 pr\u00e9cise. Donn\u00e9es personnellesSur le site&hellip; Lire la suite\" \/>\n<meta property=\"og:url\" content=\"https:\/\/aucoeurducouple.fr\/index.php\/politique-de-confidentialite-2\/\" \/>\n<meta property=\"og:site_name\" content=\"Au Coeur du Couple\" \/>\n<meta property=\"article:modified_time\" content=\"2020-05-30T15:40:48+00:00\" \/>\n<meta property=\"og:image\" content=\"http:\/\/aucoeurducouple.fr\/wp-content\/uploads\/2020\/02\/logo-clair-1.png\" \/>\n<meta name=\"twitter:card\" content=\"summary_large_image\" \/>\n<meta name=\"twitter:label1\" content=\"Dur\u00e9e de lecture estim\u00e9e\" \/>\n\t<meta name=\"twitter:data1\" content=\"3 minutes\" \/>\n<script type=\"application\/ld+json\" class=\"yoast-schema-graph\">{\"@context\":\"https:\/\/schema.org\",\"@graph\":[{\"@type\":\"WebPage\",\"@id\":\"https:\/\/aucoeurducouple.fr\/index.php\/politique-de-confidentialite-2\/\",\"url\":\"https:\/\/aucoeurducouple.fr\/index.php\/politique-de-confidentialite-2\/\",\"name\":\"politique-de-confidentialite - Au Coeur du Couple\",\"isPartOf\":{\"@id\":\"https:\/\/aucoeurducouple.fr\/#website\"},\"primaryImageOfPage\":{\"@id\":\"https:\/\/aucoeurducouple.fr\/index.php\/politique-de-confidentialite-2\/#primaryimage\"},\"image\":{\"@id\":\"https:\/\/aucoeurducouple.fr\/index.php\/politique-de-confidentialite-2\/#primaryimage\"},\"thumbnailUrl\":\"http:\/\/aucoeurducouple.fr\/wp-content\/uploads\/2020\/02\/logo-clair-1.png\",\"datePublished\":\"2020-05-30T14:54:02+00:00\",\"dateModified\":\"2020-05-30T15:40:48+00:00\",\"breadcrumb\":{\"@id\":\"https:\/\/aucoeurducouple.fr\/index.php\/politique-de-confidentialite-2\/#breadcrumb\"},\"inLanguage\":\"fr-FR\",\"potentialAction\":[{\"@type\":\"ReadAction\",\"target\":[\"https:\/\/aucoeurducouple.fr\/index.php\/politique-de-confidentialite-2\/\"]}]},{\"@type\":\"ImageObject\",\"inLanguage\":\"fr-FR\",\"@id\":\"https:\/\/aucoeurducouple.fr\/index.php\/politique-de-confidentialite-2\/#primaryimage\",\"url\":\"https:\/\/aucoeurducouple.fr\/wp-content\/uploads\/2020\/02\/logo-clair-1.png\",\"contentUrl\":\"https:\/\/aucoeurducouple.fr\/wp-content\/uploads\/2020\/02\/logo-clair-1.png\",\"width\":161,\"height\":162},{\"@type\":\"BreadcrumbList\",\"@id\":\"https:\/\/aucoeurducouple.fr\/index.php\/politique-de-confidentialite-2\/#breadcrumb\",\"itemListElement\":[{\"@type\":\"ListItem\",\"position\":1,\"name\":\"Accueil\",\"item\":\"https:\/\/aucoeurducouple.fr\/\"},{\"@type\":\"ListItem\",\"position\":2,\"name\":\"politique-de-confidentialite\"}]},{\"@type\":\"WebSite\",\"@id\":\"https:\/\/aucoeurducouple.fr\/#website\",\"url\":\"https:\/\/aucoeurducouple.fr\/\",\"name\":\"Au Coeur du Couple\",\"description\":\"Les 4 piliers de la relation amoureuse\",\"publisher\":{\"@id\":\"https:\/\/aucoeurducouple.fr\/#organization\"},\"potentialAction\":[{\"@type\":\"SearchAction\",\"target\":{\"@type\":\"EntryPoint\",\"urlTemplate\":\"https:\/\/aucoeurducouple.fr\/?s={search_term_string}\"},\"query-input\":{\"@type\":\"PropertyValueSpecification\",\"valueRequired\":true,\"valueName\":\"search_term_string\"}}],\"inLanguage\":\"fr-FR\"},{\"@type\":\"Organization\",\"@id\":\"https:\/\/aucoeurducouple.fr\/#organization\",\"name\":\"Au Coeur du Couple\",\"url\":\"https:\/\/aucoeurducouple.fr\/\",\"logo\":{\"@type\":\"ImageObject\",\"inLanguage\":\"fr-FR\",\"@id\":\"https:\/\/aucoeurducouple.fr\/#\/schema\/logo\/image\/\",\"url\":\"https:\/\/aucoeurducouple.fr\/wp-content\/uploads\/2020\/02\/logo1.png\",\"contentUrl\":\"https:\/\/aucoeurducouple.fr\/wp-content\/uploads\/2020\/02\/logo1.png\",\"width\":161,\"height\":144,\"caption\":\"Au Coeur du Couple\"},\"image\":{\"@id\":\"https:\/\/aucoeurducouple.fr\/#\/schema\/logo\/image\/\"}}]}<\/script>\n<!-- \/ Yoast SEO plugin. -->","yoast_head_json":{"title":"politique-de-confidentialite - Au Coeur du Couple","robots":{"index":"index","follow":"follow","max-snippet":"max-snippet:-1","max-image-preview":"max-image-preview:large","max-video-preview":"max-video-preview:-1"},"canonical":"https:\/\/aucoeurducouple.fr\/index.php\/politique-de-confidentialite-2\/","og_locale":"fr_FR","og_type":"article","og_title":"politique-de-confidentialite - Au Coeur du Couple","og_description":"IntroductionDans le cadre de son activit\u00e9, aucoeurducouple.fr, dont le si\u00e8ge social est situ\u00e9 au 12 rue Ferdinand Buisson 45000 Orl\u00e9ans, est amen\u00e9e \u00e0 collecter et \u00e0 traiter des informations dont certaines sont qualifi\u00e9es de \u00ab&nbsp;donn\u00e9es personnelles&nbsp;\u00bb. aucoeurducouple.fr n\u2019utilise que des donn\u00e9es de mani\u00e8re responsable et confidentielle et dans une finalit\u00e9 pr\u00e9cise. Donn\u00e9es personnellesSur le site&hellip; Lire la suite","og_url":"https:\/\/aucoeurducouple.fr\/index.php\/politique-de-confidentialite-2\/","og_site_name":"Au Coeur du Couple","article_modified_time":"2020-05-30T15:40:48+00:00","og_image":[{"url":"http:\/\/aucoeurducouple.fr\/wp-content\/uploads\/2020\/02\/logo-clair-1.png","type":"","width":"","height":""}],"twitter_card":"summary_large_image","twitter_misc":{"Dur\u00e9e de lecture estim\u00e9e":"3 minutes"},"schema":{"@context":"https:\/\/schema.org","@graph":[{"@type":"WebPage","@id":"https:\/\/aucoeurducouple.fr\/index.php\/politique-de-confidentialite-2\/","url":"https:\/\/aucoeurducouple.fr\/index.php\/politique-de-confidentialite-2\/","name":"politique-de-confidentialite - Au Coeur du Couple","isPartOf":{"@id":"https:\/\/aucoeurducouple.fr\/#website"},"primaryImageOfPage":{"@id":"https:\/\/aucoeurducouple.fr\/index.php\/politique-de-confidentialite-2\/#primaryimage"},"image":{"@id":"https:\/\/aucoeurducouple.fr\/index.php\/politique-de-confidentialite-2\/#primaryimage"},"thumbnailUrl":"http:\/\/aucoeurducouple.fr\/wp-content\/uploads\/2020\/02\/logo-clair-1.png","datePublished":"2020-05-30T14:54:02+00:00","dateModified":"2020-05-30T15:40:48+00:00","breadcrumb":{"@id":"https:\/\/aucoeurducouple.fr\/index.php\/politique-de-confidentialite-2\/#breadcrumb"},"inLanguage":"fr-FR","potentialAction":[{"@type":"ReadAction","target":["https:\/\/aucoeurducouple.fr\/index.php\/politique-de-confidentialite-2\/"]}]},{"@type":"ImageObject","inLanguage":"fr-FR","@id":"https:\/\/aucoeurducouple.fr\/index.php\/politique-de-confidentialite-2\/#primaryimage","url":"https:\/\/aucoeurducouple.fr\/wp-content\/uploads\/2020\/02\/logo-clair-1.png","contentUrl":"https:\/\/aucoeurducouple.fr\/wp-content\/uploads\/2020\/02\/logo-clair-1.png","width":161,"height":162},{"@type":"BreadcrumbList","@id":"https:\/\/aucoeurducouple.fr\/index.php\/politique-de-confidentialite-2\/#breadcrumb","itemListElement":[{"@type":"ListItem","position":1,"name":"Accueil","item":"https:\/\/aucoeurducouple.fr\/"},{"@type":"ListItem","position":2,"name":"politique-de-confidentialite"}]},{"@type":"WebSite","@id":"https:\/\/aucoeurducouple.fr\/#website","url":"https:\/\/aucoeurducouple.fr\/","name":"Au Coeur du Couple","description":"Les 4 piliers de la relation amoureuse","publisher":{"@id":"https:\/\/aucoeurducouple.fr\/#organization"},"potentialAction":[{"@type":"SearchAction","target":{"@type":"EntryPoint","urlTemplate":"https:\/\/aucoeurducouple.fr\/?s={search_term_string}"},"query-input":{"@type":"PropertyValueSpecification","valueRequired":true,"valueName":"search_term_string"}}],"inLanguage":"fr-FR"},{"@type":"Organization","@id":"https:\/\/aucoeurducouple.fr\/#organization","name":"Au Coeur du Couple","url":"https:\/\/aucoeurducouple.fr\/","logo":{"@type":"ImageObject","inLanguage":"fr-FR","@id":"https:\/\/aucoeurducouple.fr\/#\/schema\/logo\/image\/","url":"https:\/\/aucoeurducouple.fr\/wp-content\/uploads\/2020\/02\/logo1.png","contentUrl":"https:\/\/aucoeurducouple.fr\/wp-content\/uploads\/2020\/02\/logo1.png","width":161,"height":144,"caption":"Au Coeur du Couple"},"image":{"@id":"https:\/\/aucoeurducouple.fr\/#\/schema\/logo\/image\/"}}]}},"_links":{"self":[{"href":"https:\/\/aucoeurducouple.fr\/index.php\/wp-json\/wp\/v2\/pages\/807","targetHints":{"allow":["GET"]}}],"collection":[{"href":"https:\/\/aucoeurducouple.fr\/index.php\/wp-json\/wp\/v2\/pages"}],"about":[{"href":"https:\/\/aucoeurducouple.fr\/index.php\/wp-json\/wp\/v2\/types\/page"}],"author":[{"embeddable":true,"href":"https:\/\/aucoeurducouple.fr\/index.php\/wp-json\/wp\/v2\/users\/1"}],"replies":[{"embeddable":true,"href":"https:\/\/aucoeurducouple.fr\/index.php\/wp-json\/wp\/v2\/comments?post=807"}],"version-history":[{"count":3,"href":"https:\/\/aucoeurducouple.fr\/index.php\/wp-json\/wp\/v2\/pages\/807\/revisions"}],"predecessor-version":[{"id":818,"href":"https:\/\/aucoeurducouple.fr\/index.php\/wp-json\/wp\/v2\/pages\/807\/revisions\/818"}],"wp:attachment":[{"href":"https:\/\/aucoeurducouple.fr\/index.php\/wp-json\/wp\/v2\/media?parent=807"}],"curies":[{"name":"wp","href":"https:\/\/api.w.org\/{rel}","templated":true}]}}